e o - 16 = 2. What is the remainder when 1/(26/1374) - 16/(-104) is divided by o?
17
Calculate the remainder when ((-140)/(-21))/((-2)/(-18)) is divided by (-64)/(-3)*(-27)/(-36).
12
Suppose -15 = 2*k + 251. Let i = 210 + k. Suppose -4*n = -5*r - 124, -2*r + 70 = 30*n - 27*n. Calculate the remainder when i is divided by n.
25
Let u = 35 + -31. Suppose -u + 332 = 4*k. Suppose 3*a - 53 - 10 = 0. What is the remainder when k is divided by a?
19
Calculate the remainder when (-48)/32*12/9 + 165 is divided by 24.
19
Let j be 9/(18/152) - 0. Let q = -53 + j. What is the remainder when 43 is divided by q?
20
Let x = -239 - -265. What is the remainder when (-1)/((-5)/(-2))*-320 is divided by x?
24
Suppose -216 = -4*m - 3*r, -4*m - 54 = -5*m + 3*r. Calculate the remainder when m is divided by 17.
3
Let x(n) = 55*n + 1. Let z be x(-1). Let o be z/(-7) - 22/(-77). Suppose 5*m = c + 72, -3*m - 3*c + o = -2*m. What is the remainder when 55 is divided by m?
13
Let y = 60 - 26. Let i(j) = -2*j - 52. Let q be i(-18). Let l = y + q. Calculate the remainder when l is divided by 5.
3
Let m = 335 + -309. Calculate the remainder when 205 is divided by m.
23
Suppose b + 2*b + p - 11 = 0, -2*p + 12 = 4*b. Suppose b*j - k - 34 = k, 2*j - 2*k = 16. Calculate the remainder when 15 is divided by j.
3
Suppose -2*y - 86 = -362. Let x be (-3)/3 - (y + -1). Let s = x - -206. What is the remainder when s is divided by 23?
22
Suppose 0*c - 5*s + 53 = c, -5*c + s + 161 = 0. Calculate the remainder when c is divided by (-1474)/(-67) + (-1)/(3/9).
14
Let j be 0/(8/12 + 14/6). Suppose -26 + j = -2*c. Let n = 17 + 33. Calculate the remainder when n is divided by c.
11
Let n = -121 - -124. Suppose 4*d + n*q - 98 = 0, -15*d + 12*d + 84 = -3*q. Let s = 30 - 16. What is the remainder when d is divided by s?
12
Let n(p) = 80 + 2*p + 12 - 18*p**2 + 17*p**2. Calculate the remainder when n(0) is divided by 32.
28
What is the remainder when 24 is divided by ((-4)/10)/((-1)/30) + 5?
7
Suppose d = -3*d - 4. Let f be (-13)/(-3)*d*-3. Let a(v) = -v**2 + 14*v - 2. Calculate the remainder when 32 is divided by a(f).
10
Let g(j) = j**3 + 9*j**2 - 10*j + 4. Let b be g(-10). What is the remainder when (b + 0)/((-4)/(-24)) is divided by 14?
10
Let a = 1078 + -1073. Let p = 6 + 5. What is the remainder when p is divided by a?
1
Let w = 429 - 162. Calculate the remainder when w is divided by 23.
14
Let t = -629 + 925. Let v be t/56 + (-2)/7. Suppose 5*a = v, 0*l - 3*l + 5*a + 70 = 0. Calculate the remainder when l is divided by 9.
7
Suppose 0 = 8*p - 110 - 90. Calculate the remainder when 272 is divided by p.
22
Let b(k) = 2*k**3 + k**2 + 3*k + 3. Let u be b(-3). Let w = -31 - u. What is the remainder when 1102/14 + (-12)/(-42) is divided by w?
19
Let p(x) = -x**2 + 14*x + 3. Let m be p(14). Suppose 3*z - m*c - 29 - 19 = 0, -4*z + 2*c + 60 = 0. What is the remainder when 35 is divided by z?
7
Calculate the remainder when 31 is divided by 0 + (-42)/(1 - 4).
3
Suppose 83*n = 85*n - 120. What is the remainder when 838 is divided by n?
58
Let f(v) = -4*v + 26. Suppose 0 = -8*r + 3*r + 15. Suppose 3*n + r*d + 2*d - 9 = 0, -n + 3 = -5*d. What is the remainder when f(3) is divided by n?
2
Let z(l) = 4*l**2 - 2*l + 5. Let s be 1 + 1/(-2)*-4. Suppose -s*u + 35 = 5. What is the remainder when z(2) is divided by u?
7
Calculate the remainder when 248 is divided by 44/14 + (-117)/819.
2
Suppose 0 = 2*j + 2*r - 162, -16*j + r = -21*j + 417. Calculate the remainder when j is divided by 10/(-4)*60/(-6).
9
Suppose 3 = h - 24. Let a = -24 + h. What is the remainder when a is divided by 1?
0
Suppose -2 + 11 = b. Let v be (-891)/(-15) - 3/(-5). Suppose -10*j + 6*j = -v. Calculate the remainder when j is divided by b.
6
Let a(h) = -2*h - 5. Let c be a(-4). Let l = -5 + 25. What is the remainder when c - -1 - 1 - -54 is divided by l?
17
Suppose -5*t - 4*v = -3, -4*t + 3 = -6*v + 9*v. Let w(g) be the second derivative of 7*g**3/6 + g**2 + 2*g. Calculate the remainder when 66 is divided by w(t).
20
Suppose -j + t = 4*j - 381, j - 3*t - 79 = 0. Suppose -78*c + 14 = -j*c. Calculate the remainder when 25 is divided by c.
4
Let t(b) = -b**2 + 72*b + 230. What is the remainder when t(0) is divided by 18?
14
Let j(x) = x**2 + 13*x + 11. Let z be j(-8). Let d = z + 65. Calculate the remainder when d is divided by 15 + (1 + 0)*4.
17
Suppose -s + 23 = 5*w - 0*w, s - 23 = w. Let p(x) = -5*x + 1. Let i be p(1). Calculate the remainder when -1*i/(8/178) is divided by s.
20
Suppose k + 0*k = 30. What is the remainder when k is divided by 57/5 - 18/45?
8
Let t be -4 + (38 - 3) + -4. Suppose 3*i + 2*i = -4*w + 1, -3*w + 5*i = -t. What is the remainder when 6 is divided by w?
2
Let c = 5 + -3. Let f be (39/12)/(2/32). Suppose -2*a - 2*o = -f, o = 4 - c. Calculate the remainder when a is divided by 9.
6
Let n be (-37 + 10)*(-2)/(-3). Suppose -4*t + 183 = 7. Let s = n + t. Calculate the remainder when 76 is divided by s.
24
Let x(y) = -y + 66. Let c be x(-14). What is the remainder when 29 is divided by (-864)/c*(-5)/3?
11
Suppose 38*w - 52*w + 868 = 0. Calculate the remainder when 165 is divided by w.
41
Suppose s - 68 = 5*t, 22 = 4*t + 3*s + 84. Let h = -10 - t. Suppose -w - 5 = -5*a, -w + 1 + h = 0. What is the remainder when a is divided by 1?
0
Let f be (-17)/((-1)/(-2)*-2). Let q = f - 10. What is the remainder when ((-108)/(-16))/(2/8) is divided by q?
6
Suppose 4*h - 264 = 736. What is the remainder when h is divided by 21?
19
Let o be 2/9 + (-1580)/(-18). Suppose 4*x - o + 2 = 2*c, -x - 4*c + 8 = 0. What is the remainder when 56 is divided by x?
16
Suppose -5*n + 186 = -74. Calculate the remainder when n is divided by 11.
8
Let z(x) = 2*x**2 + 9*x - 7. Let j(v) = 97*v - 10658. What is the remainder when j(111) is divided by z(-7)?
25
Let i(c) = 2*c**2 + 12*c + 19. Let y be i(-7). Calculate the remainder when 12/(-66) - (-1128)/y is divided by 6.
4
Suppose -28*p + 13*p = -510. What is the remainder when 371 is divided by p?
31
Let y = 150 + -147. Let z = -138 - -164. Calculate the remainder when z is divided by y.
2
Let j = 121 + 63. Suppose 8*b - j - 248 = 0. Calculate the remainder when b is divided by 11.
10
Suppose 4 - 24 = -4*l. Suppose 3*u + l*u = 656. What is the remainder when u is divided by 17?
14
Let q = 108 - 11. Let s(k) = k**2 - 2*k - 4. What is the remainder when q is divided by s(6)?
17
Let h = 593 - 346. What is the remainder when h is divided by 63?
58
Let t(x) = x**3 + 5*x**2 - 4*x - 13. Calculate the remainder when 293 is divided by t(-5).
6
Let r(a) = a**2 + 7*a + 28. Calculate the remainder when 205 is divided by r(-3).
13
Let n(b) = b**3 - 6*b**2 + 7*b + 16. Let a = 13 - -2. What is the remainder when n(5) is divided by a?
11
Let o(k) = -k - 1. Let r(s) = 2*s + 1. Let i(x) = 21*o(x) + 3*r(x). What is the remainder when i(-5) is divided by 20?
17
Let x = 824 + -791. What is the remainder when 156 is divided by x?
24
Suppose 12*k - 1041 = 171. What is the remainder when k is divided by 26?
23
Let h be -6*((-2)/(-3))/(-2). Let c(u) = -3*u - 10*u - 2*u + 1 + 20*u. What is the remainder when 41 is divided by c(h)?
8
Let w = -383 + 414. Calculate the remainder when w is divided by 16.
15
Let x = -397 - -440. Calculate the remainder when 164 is divided by x.
35
Suppose -p + 2*p - 94 = -l, 4*p - 404 = 3*l. What is the remainder when p is divided by 28?
14
Let w(v) = -3 + 3*v**2 - 3 + 3 + 7 - v**3. Calculate the remainder when w(-3) is divided by 258/18 + (-2)/(-3).
13
Let i(l) = l**3 - 4*l**2 - l - 2. Let z = -79 - -113. What is the remainder when z is divided by i(5)?
16
Let h(p) = p**2 - 35*p + 9. Calculate the remainder when h(35) is divided by 4.
1
Let p = 160 - -411. What is the remainder when p is divided by 82?
79
Let n(o) = 9*o**2 + 94*o - 21. Calculate the remainder when 122 is divided by n(-11).
20
Suppose 0 = -4*p + 10*p. Calculate the remainder when 44 is divided by ((-1)/(-1) - p)*9.
8
Let k(c) = c + 15. Let w be k(-11). Suppose -6 = -2*i - f, 2*i + f + 14 = w*i. What is the remainder when 19 is divided by i?
4
Let n(u) = -2*u - 10. Suppose 0 = 5*p + 2*i - 193, -3*p - i = 2*i - 114. Calculate the remainder when p is divided by n(-10).
9
Suppose 0 = -3*f + 7*f - 28. Calculate the remainder when 3*f - (-3